f**6/120 - f**5/20 + f**4/8 + 5*f**3/6 - 147*f**2 - 22*f - 2. Determine c(-3).
-4
Let k(z) = 10*z + 43. Let l = 3666 + -3671. What is k(l)?
-7
Let p(f) = -18*f**3 - 84*f - 4 - 85*f + 20*f**3 + 178*f + f**2 - 9*f**2. What is p(4)?
32
Let f(w) = -14*w + 4. Let i(a) = -a**3 - 2*a**2 + 4*a - 3. Let q be i(0). Let z be q + 0 - (7 + -13). Calculate f(z).
-38
Suppose 3*u + c = 131 + 57, 2*c - 56 = -u. Let g(b) = -b**2 - u*b + 123*b - 57*b + 1 + b**3 + 2. What is g(-2)?
-13
Let d(q) = q**2 - q + 2. Let i be 175/(-20) + 138/184. What is d(i)?
74
Let c(h) be the second derivative of -h**5/2 - h**4/4 - h**3/3 - 70*h - 3. Give c(-1).
9
Let v(u) = -20*u**3 + 32*u**2 + u - 11. Let g(q) = 7*q**3 - 11*q**2 + 4. Let b(l) = 17*g(l) + 6*v(l). Let j(a) = -111*a - 3768. Let f be j(-34). Determine b(f).
2
Let p(k) = -6*k - 64. Let z(n) = 11*n + 109. Let m(w) = 7*p(w) + 4*z(w). Determine m(14).
16
Let t(q) be the third derivative of 1/20*q**6 + 2*q + 1/6*q**3 + 0*q**4 + 0 - 1/30*q**5 - 19*q**2. Give t(-1).
-7
Let d(a) = -a**3 - 12*a**2 - 17. Let i = -175 + 163. Determine d(i).
-17
Suppose -46 + 158 = 13*l + 60. Let n(d) = -2*d**3 + 10*d**2 - 9*d + 12. Let j(c) = c**3 - 5*c**2 + 4*c - 6. Let w(b) = -5*j(b) - 2*n(b). Calculate w(l).
14
Let z(p) = -383*p + 193*p - 13 + 5 + 192*p. Suppose -6*l + 4*f + 56 = -l, 3*l - 36 = 3*f. Give z(l).
8
Let a be (38/(-24) + 85/102)*(-24)/9. Let b(m) = -m**2 + 7*m - 8. Calculate b(a).
2
Let i be (9 + -11)/(10/(-15))*4/36. Let s(g) be the first derivative of -16 - g**2 - g + i*g**3. Calculate s(-2).
7
Let y(k) = 1017*k**2 + 70*k - 50. Let t(j) = -204*j**2 - j + 1. Let n(g) = 5*t(g) + y(g). What is n(21)?
-3
Suppose -4*q + 11*q - 28 = 0. Let z be (-124)/8*(-2)/4*q. Suppose z*c - 32 = 27*c. Let o(f) = -f**3 + 7*f**2 + 8*f + 2. Calculate o(c).
2
Suppose 67*q = 69*q + 2. Suppose 15 = 5*v - 0. Let n(m) = 3*m + 3*m**v - 2 + 0 + 1 - m**2 - 5*m. Calculate n(q).
-3
Let m(a) = a**2 + 8*a - 7. Suppose -38*h - 24 = -44*h. Suppose 0 = -3*c + 2*c - h*s - 15, 3*c - 3*s + 15 = 0. Calculate m(c).
-14
Let g(h) = -2*h - 40. Let q be g(-21). Suppose -3*u + f + 3 = 0, -f + q = 5. Let y(v) be the third derivative of v**4/24 - 2*v**3/3 + 3*v**2. Give y(u).
-4
Let z = -13631 - -13637. Let l(h) = -h**2 + h + 1. Let w(m) = -7 - 3 + 6*m**2 - 2*m - 9*m. Let q(g) = 5*l(g) + w(g). Determine q(z).
-5
Let d be 1/9 - (55/(-10))/(27/(-30)). Let l(v) be the first derivative of -v**4/4 - 7*v**3/3 - 5*v**2/2 + 7*v + 5. Calculate l(d).
1
Let n(f) = 7*f**3 - 56*f**2 + 2*f - 41. Let g(d) = -4*d**3 + 30*d**2 - d + 22. Let u(q) = 5*g(q) + 3*n(q). Give u(18).
5
Let r(q) = -9*q**3 + 7*q**2 + 34*q + 16. Let l(d) = -5*d**3 + 4*d**2 + 18*d + 10. Let v(y) = 7*l(y) - 4*r(y). Calculate v(3).
3
Let i(c) = -c**3 - 6*c**2 + 7*c + 3. Suppose -2*s - 10 = -8. Let m(r) = -6*r**2 + 7*r + 6. Let z be m(s). Calculate i(z).
3
Let g = 59 - 40. Suppose g = 8*t + 11. Let c(f) = 9*f**3 - 2*f**2 + 1. Give c(t).
8
Let n(o) = -3*o + 17. Let c be n(5). Suppose c*h + 0*h - 4*w = 18, 0 = -3*h - 5*w - 6. Let a(b) = b**3 - 5*b**2 + 4*b - 2. Calculate a(h).
-8
Let t(h) = -8*h - 3. Suppose -3*s - 9 = 3*c, 8*s = 6*s + 3*c - 1. Let d be (1 - s - 2)*(0 + 5). Suppose d*f - 20 = -5, 4*f - 18 = 2*k. What is t(k)?
21
Let t(g) = g + 2. Let a(h) = h**2 + 2*h + 12. Let u(y) = -a(y) + 5*t(y). Let d be (3/(-6))/(1/2). Let i = 2 - d. Give u(i).
-2
Let r(f) = f**3 - 5*f**2 + 7*f - 2. Let y be r(4). Suppose -6*s + y = -s, 5*a - s - 23 = 0. Suppose 0 = -a*z - 6 - 4. Let x(c) = 5*c - 2. What is x(z)?
-12
Let o(k) = 2*k - 4. Let w = 5869 + -5870. Determine o(w).
-6
Suppose -5*x + 29 = 2*w, -5*x + 28 = w + 6. Let b(k) = 2656*k - 7 - 2654*k + 8*k**3 - w*k**3 - 6*k**2. Calculate b(6).
5
Let w(q) = -5*q - 17. Let t be w(-5). Let h(v) = v**3 - 9*v**2 + 7*v - 9. Let c be h(t). Let r(b) = -b - 18. Calculate r(c).
-1
Let y(i) be the first derivative of 7*i**3/3 - i**2/2 + 88*i - 224. Let w(q) be the first derivative of y(q). Calculate w(-2).
-29
Let b be (-40)/(-24) - (-110)/(-66) - (-1 + -10). Let v(g) = -4*g**2 + 45*g - 1. Calculate v(b).
10
Suppose -o - 3 = -2*o. Suppose 2*q = -o*q. Let t(x) = -5*x**3 - 4*x**2 + 4*x + 14. Let b(l) = -l**3 - l**2 + l + 4. Let u(p) = -9*b(p) + 2*t(p). Calculate u(q).
-8
Let g be 2/(-3) - (-94)/6. Let n = g + -8. Let s(v) = -13*v - 103. Let p(t) = -15*t - 121. Let m(j) = -6*p(j) + 7*s(j). Determine m(n).
-2
Suppose -3*f - f = -36. Let v(w) be the second derivative of -2*w - 3/2*w**2 + 152 - 1/6*w**3. Give v(f).
-12
Let k(m) = 4*m**2 + 2*m - 6. Let f(q) = 2*q - 5*q + 5 + 2*q**2 - 5*q**2. Let v(t) = 3*f(t) + 2*k(t). Let i = 347404 + -347409. Determine v(i).
3
Let m(u) = -u**2 + 10*u - 8. Let o(a) = -a**2 + 11*a - 9. Let c(p) = 2*m(p) - 3*o(p). Suppose -h + 75*n - 70*n = -7, -5*n + 53 = 4*h. Give c(h).
-1
Let t(m) be the second derivative of -m**6/240 - m**5/24 - 7*m**4/2 - 13*m - 1. Let o(n) be the third derivative of t(n). Give o(-5).
10
Let f(u) = -u - 2. Let h = -5847 - -5832. Give f(h).
13
Suppose -w + 2*g + 0*g = -6, 3*w + 3*g = 0. Suppose 5*p + 5*n + 5 = 8*n, -2 = w*p - 5*n. Let x(t) = 4*t + 1. Calculate x(p).
-3
Let g be (-4)/(-18) + 169/9. Let d = 650 + -635. Let q(c) = -2*c - d*c**2 - g*c**2 + c**3 + 4 + 37*c**2. What is q(-3)?
10
Let i(z) be the third derivative of z**4/4 + 5*z**3/2 - 2397*z**2. Give i(3).
33
Suppose 4 = -6*r + 2*r. Suppose 113*s + 4 = 109*s. Let p be r*s*(-5)/5. Let a(w) = -w**2 + 1. Calculate a(p).
0
Let m(h) = -4*h**2 + 65*h + 56. Suppose -16 = -2*a, 432*t - 3*a = 430*t + 10. What is m(t)?
5
Let a(g) = 2*g**3 + 5*g**2 - 2*g - 6. Let w(d) = -3*d**3 - 6*d**2 + 3*d + 7. Let f(t) = 6*a(t) + 5*w(t). Let p = -5136 + 5138. What is f(p)?
-19
Let u(r) = 55*r**2 + r - 2. Let a be u(-2). Let o(f) = f + 106 - a + 105. Calculate o(-3).
-8
Let m(o) = -3*o**2 + 37*o - 1. Suppose 105*p + 588 = 489 + 1674. Calculate m(p).
-121
Let g be 4/6*30*144/180. Let m(x) = -5*x + 31. What is m(g)?
-49
Let f(w) = 8*w**3 - 2*w + 1. Let x(q) = -q**3 - 6*q**2 - 5*q - 2. Let t be x(-7). Let g = t + -62. Suppose 2*v = g*v - 18. What is f(v)?
7
Let f(d) = 2*d - 11. Suppose 969*t = 1050*t. Give f(t).
-11
Let v(c) = 5 - 3*c**3 - 4 + c**2 + 2*c**3 + 1. Let p be (-2)/8 + (-1897)/28. Let g = p + 68. Determine v(g).
2
Suppose 0 - 1 = -a. Let c(f) = 2*f**2. Let d(t) = 8*t**2 - 2*t + 1. Let k(s) = 5*c(s) - d(s). Give k(a).
3
Let k(y) = y + 7. Let c(b) = -4*b - 2. Let m be c(10). Let w = -30 - m. Let p = -16 + w. Determine k(p).
3
Let q(l) = 3*l. Suppose -5*g = 3*t + 41, -3*g = 7*t - 9*t - 21. Let n be (t/30)/(1*(-4)/(-20)). What is q(n)?
-6
Let k(y) = -2 - 1 - 5 + 10*y + y**2. Let x(j) = -489*j + 155. Let c be x(1). Let h = c + 323. Determine k(h).
3
Let c(n) be the first derivative of -4*n**2 - 7*n + 10340. What is c(22)?
-183
Let p(c) = -5*c - 51. Let i be -18 - (8 + 0 + -15). Let u be p(i). Let v(f) = 3 - 6*f**2 + 4*f**2 + 3*f**2 - 7*f. Give v(u).
-9
Let y = 157 - 155. Suppose 22 - 12 = y*k. Let s(b) = -b - 1. Determine s(k).
-6
Let a(q) = 3*q - 41. Let j(c) = 2*c - 21. Let n(w) = -3*a(w) + 5*j(w). Determine n(-6).
12
Let m(k) = 2*k + 23. Suppose 264 + 676 = -42*o + 142. What is m(o)?
-15
Let b(y) = -2*y**2 - y. Let o be b(-2). Let k(z) be the first derivative of 27 + 4*z - 2*z**3 + 3/2*z**2 - 1/4*z**4. What is k(o)?
-14
Let g = -2638404 + 2638397. Suppose 3*a - 10 = a + 2*q, -5*q - 4 = -2*a. Let b(h) = -a + 6*h + 2*h**2 + 2*h**2 - 3*h**2. Calculate b(g).
0
Suppose -2*b - 1 = 10*g - 43, -g - 4*b + 27 = 0. Let q(i) be the second derivative of 1/3*i**4 + 12*i + 1/20*i**5 + 0 - 1/2*i**2 - 1/6*i**g. Give q(-4).
3
Suppose -10*k + 3*k - 651 = 0. Let r = 104 + k. Let s(d) = d**2 - 10*d - 11. What is s(r)?
0
Let f(h) be the second derivative of -11/2*h**2 + 1/3*h**4 + 1/120*h**6 + 0 + h**3 - 7/60*h**5 + 9*h. Let i(t) be the first derivative of f(t). Determine i(6).
18
Suppose r - 3*h = -65, -5*r + 3*h - 4*h - 309 = 0. Let x = -63 - r. Let u(g) = 5*g**3 + 2*g**2 + g. Determine u(x).
-4
Let p = -14 + 4. Let r = 17 + p. Suppose 20 = -r*s - 1. Let v(m) = 3*m + 4. Calculate v(s).
-5
Let d(h) = h**3 - h**2 - h + 3. Let b(a) = -a**3 - 2*a**2. Suppose 13*s + 13 + 13 = 0. Let l be b(s). Calculate d(l).
3
Let x(m) = -m**2 - m + 5. Let q be ((-21)/42)/((-2)/12). Suppose -4*z - q*j + 35 = 0, 2*j - 25 = -4*z + z. Suppose 6*r - 5*